en a is divided by 15.
14
Let m = -99 - -119. Calculate the remainder when 57 is divided by m.
17
Suppose -h + 3 = -0*h. Let g = 17 - 9. What is the remainder when g is divided by h?
2
Let y be (-1 + -1)*(-2)/4. Suppose 0 = d - 4*k - 34, -k - 6 = -y. Calculate the remainder when 40 is divided by d.
12
Let u = -10 - -23. What is the remainder when 25 is divided by u?
12
Let b = -3 - -5. Suppose -4*x = -b*x + 16. Let q(w) = -3*w + 2. What is the remainder when q(x) is divided by 14?
12
Let g be (78/12)/(1/12). Suppose 5*v = -3*m + g + 38, -2*m + 48 = -4*v. What is the remainder when 125 is divided by m?
29
Suppose 0 = -2*q - l - 0*l + 16, 5*q + 5*l - 50 = 0. What is the remainder when 15 is divided by q?
3
Suppose -5*n - 1 = -x, 0*x + 9 = x - n. What is the remainder when 12/14*(-2 - -51) is divided by x?
9
Let x(i) = 18*i - 69. Calculate the remainder when x(6) is divided by 10.
9
Let f = 229 - 158. Calculate the remainder when f is divided by 18.
17
Suppose -164 = -10*g + 6*g. Calculate the remainder when g is divided by 11.
8
Let s(r) = r**2 + 2*r - 2. Suppose 1 + 4 = 5*d, 3*k = -3*d + 24. What is the remainder when s(-5) is divided by k?
6
Let h = 11 - 19. Let j = -4 - h. Let k = -1 + j. Calculate the remainder when 11 is divided by k.
2
Suppose 4*b - w - 47 - 80 = 0, -130 = -4*b + 2*w. What is the remainder when b is divided by 11?
9
Suppose -4*y = -c - 20, 2*c - 10 = -2*y + 6*c. Suppose 2*d - 3*g = 4*d - 18, 9 = d - y*g. What is the remainder when d is divided by (-15)/(-4) + (-1)/(-4)?
1
Let f = -45 + 91. Suppose -2*b = -35 + 3. Calculate the remainder when f is divided by b.
14
Calculate the remainder when 5 is divided by 1/5 + (-70)/(-25).
2
Let g be 24/(2 + 0 - 1). Suppose -5*j + 11 = -g. Suppose 0 = 4*k - j*k + 147. What is the remainder when k is divided by 17?
15
Let o = 8 - -18. What is the remainder when o is divided by 7?
5
Let k = -84 - -119. Suppose -3*t - 6 + 24 = 0. Let n(j) = j + 6. What is the remainder when k is divided by n(t)?
11
Suppose -2*z + 8*d - 3*d = -29, -2*z - 2*d - 6 = 0. Calculate the remainder when z is divided by 2.
0
Suppose -y - 222 = -4*y. Calculate the remainder when y is divided by 19.
17
Let l = 14 + 2. Calculate the remainder when 30 is divided by l.
14
Suppose 3*k + 2*k = 3*x + 6, -x = 4*k - 15. Let u = 101 + -90. What is the remainder when u is divided by x?
2
Let q be (-1)/(-2 - 52/(-24)). What is the remainder when 36/q*(-26)/6 is divided by 14?
12
Suppose -x - 2*h = -2, 8 - 2 = x + h. What is the remainder when 22 is divided by x?
2
Suppose 2*j - 2*v + 72 = 6*j, -6 = 3*v. Suppose 4*m = -a + 228, 2*a + m - 442 = -0*m. Suppose 0*w + a = 4*w. Calculate the remainder when w is divided by j.
17
Let q(r) = 2*r + 25. What is the remainder when 13 is divided by q(-9)?
6
Let r be 2/4 + 354/12. Let d = r - -29. Calculate the remainder when d is divided by 15.
14
Let k(u) = 5*u + u**2 + 4*u**3 + 4*u**2 - 3*u**3 + 4. Let l be 0/(-1*1) - 3. What is the remainder when k(l) is divided by 4?
3
Let v = -13 + 16. Suppose 3*s + 1 = -5, 5*b - v*s = 256. What is the remainder when b is divided by 13?
11
Suppose -2*z + 0 = -2, -5*k - 3*z = -233. What is the remainder when k is divided by 7?
4
Suppose 2*f = 4*t - 3 + 9, -3*f + 3*t + 12 = 0. Calculate the remainder when 12 is divided by f.
2
Let f = -8 + 19. Calculate the remainder when 29 is divided by f.
7
Let b = 88 + -34. What is the remainder when b is divided by 14?
12
Let s = 14 + -10. Let l = 3 + s. Suppose -80 = -4*z - c, 0 = -2*z - 3*z - 4*c + 111. Calculate the remainder when z is divided by l.
5
Let d(o) = -o**2 - 17*o - 11. What is the remainder when d(-16) is divided by 3?
2
Suppose -5*f = 2*w - 205, 3*w - 6*w + 71 = 2*f. What is the remainder when f is divided by 22?
21
Let d(c) = 6*c**2 - c. Let x be d(1). Suppose -2*p - x = -53. Calculate the remainder when 93 is divided by p.
21
Suppose 2*u + q + 39 = 6*u, 52 = 5*u + 2*q. Let l be (9/6)/(6/232). Suppose 5*i - 3*i - l = 0. What is the remainder when i is divided by u?
9
Suppose -17 = -v + 3*k, -k + 4*k + 69 = 3*v. Let a(q) = -3*q + 23. Calculate the remainder when a(-18) is divided by v.
25
Let k = -12 - -12. Suppose -4*n + 30 + 10 = k. Calculate the remainder when (1/3)/(1/87) is divided by n.
9
Let d(o) = o**2 - 5*o + 12. Calculate the remainder when 33 is divided by d(6).
15
Let s = -24 - -61. What is the remainder when s is divided by 13?
11
Let m = -6 + 5. Let y(u) = 70*u**2 - u - 1. Calculate the remainder when y(m) is divided by 18.
16
Let f = -83 - -118. Suppose 5*v - f = 5*u, 4 + 0 = v - 2*u. Calculate the remainder when 28 is divided by v.
8
Let x(n) = -n**2 - 6*n + 5. Let j be x(-6). Suppose -j*p + 7 = -28. What is the remainder when p is divided by 4?
3
Suppose 3*n + 133 = -3*k + 8*n, -3*n = 2*k + 95. Let s be 318/(-14) - 9/((-315)/(-10)). Let u = s - k. What is the remainder when 89 is divided by u?
20
Let d be (-2)/(-7) - (-254)/(-7). Let y = 75 + d. What is the remainder when y is divided by 14?
11
Let a be (60 + -2)*1/(-2). Let q = 64 + a. What is the remainder when q is divided by 12?
11
Suppose -4*f - 8 = 2*z, 0 - 4 = -2*z - f. Calculate the remainder when z is divided by 2.
0
Let k(l) = 12*l**3 - 2*l**2 + 2*l - 1. What is the remainder when k(1) is divided by 3?
2
Suppose 0 = -4*d + 26 + 50. What is the remainder when 74 is divided by d?
17
Suppose -3*u = -6*u - 297. Let k = -61 - u. What is the remainder when k is divided by 13?
12
Let n(q) = 3*q + 3. Calculate the remainder when 32 is divided by n(4).
2
What is the remainder when -1 - (-53 + -1 + 3) is divided by 14?
8
Suppose 5 = 4*a - 3*r - 137, 2*a = 5*r + 64. Let n = 56 - a. Calculate the remainder when n is divided by 10/(4*(-2)/(-4)).
4
Let g = -29 + 50. Suppose -2*m = 2*u - m - 16, m = -3*u + 24. Calculate the remainder when -2 + 1 + g + 2 is divided by u.
6
Let v = 5 + 7. What is the remainder when 47 is divided by v?
11
Suppose z - 1 = -2. Suppose -3*q - 4*y + 46 = 0, 0*q = -5*q - 3*y + 62. Calculate the remainder when z - (0 + 0) - -29 is divided by q.
8
Suppose 0 = 4*d - r - 99, -r + 4*r - 103 = -4*d. What is the remainder when d is divided by 10?
5
Suppose -6*l = -1584 + 198. Calculate the remainder when l is divided by 39.
36
Let t(v) = v + 1. Let z(p) = -p**2 - p - 2. Let b(y) = -3*t(y) - z(y). Calculate the remainder when 11 is divided by b(4).
4
Let m = 15 + -14. Calculate the remainder when 44 is divided by 250/10 + m*-2.
21
Suppose 0 = -2*g + g - 1, 3*g = 4*b - 127. Let h = 49 - b. Calculate the remainder when h is divided by 10.
8
Suppose 3 - 7 = -2*c. Suppose -v = c*v - 27. Suppose 0 = -z - 1, 0 = 5*k + 2*z - 133 + 10. What is the remainder when k is divided by v?
7
Suppose 0*j = -2*j + 6, 4*j = 5*m - 28. Suppose 0*y - 3*y = -93. Calculate the remainder when y is divided by m.
7
Let j be (-7 + 239)*(-1)/(-2). Suppose -1488 = -0*k - 4*k. Suppose 4*q = -j + k. What is the remainder when q is divided by 22?
20
What is the remainder when (-2)/7 - (-424)/14 is divided by (-17 + 6)*2*(-3)/6?
8
Let w(g) = -g**3 + 3*g**2 + 3*g. Let l be w(3). Suppose -y + 1 = -l. Calculate the remainder when 38 is divided by y.
8
Suppose 5*h + 3*d = 26, 2*h + 0*d = 4*d. What is the remainder when 6 is divided by h?
2
Let a(q) = -6*q**2 - 6*q - 2*q**3 + 5 - 14 + q**3. What is the remainder when a(-6) is divided by 14?
13
Let a(u) = 100*u**3 + 2*u - 2. Let g be a(1). Suppose 3*q = 101 + g. What is the remainder when q is divided by 17?
16
Let j(k) = -56*k + 1. Let c be j(-1). Suppose v = 6*y - 2*y - c, y - 13 = -v. Calculate the remainder when 41 is divided by y.
13
Let z = -3 + 53. What is the remainder when z is divided by (-6)/(-18)*(50 + 3 + -2)?
16
Let u be 2 + (-2 + -4)*1. Calculate the remainder when 8 is divided by 19/7 + u/(-14).
2
Suppose 5*t + 0*t = 15. Suppose -m = t*l - 48, 4*m - l = -5*l + 168. Suppose 11 = 5*p - m. Calculate the remainder when p is divided by 6.
4
What is the remainder when (-2755)/(-133) - 4/(-14) is divided by 6?
3
Suppose -3*u - 50 = -4*a + 20, 80 = 4*a + 2*u. Calculate the remainder when 54 is divided by a.
16
Let o = 67 + -3. What is the remainder when o is divided by 23?
18
Calculate the remainder when -46*(-4 + (-2)/(-1)) is divided by 31.
30
Let z(u) = u**2 + 3*u + 5. Suppose -2*q = 8, -q = 5*v +